ommon factor of 12 and r.
12
Suppose -2*z - 27 + 72 = x, 2*x - 4*z = 106. Suppose 2255 = 2*r - j, 0 = r + 2*j - 3*j - 1128. What is the greatest common divisor of x and r?
49
Suppose -2*f + 157 + 279 = 3*u, -136 = -u - 2*f. Calculate the greatest common factor of 650 and u.
50
Let p(v) = v**3 - 5*v**2 - 3*v - 9. Let s be p(5). Let t = 25 + s. Let r be ((-30)/9)/(t/(-15)). What is the highest common divisor of r and 125?
25
Suppose 337*i + 126 = 346*i. What is the greatest common factor of 2436 and i?
14
Suppose 5*o = 3*i - 653, 1 - 2 = o. Let n = 93 - 15. Suppose 0 = 4*z - 186 + n. Calculate the highest common factor of z and i.
27
Let k(q) = 3*q**2 - 7 + 3*q + 6*q**2 + 13 - 6. Let u be k(1). Calculate the highest common factor of u and 216.
12
Let p be -3 + ((-966)/(-4) - 2*9/(-12)). Calculate the highest common divisor of p and 285.
15
Suppose 0 = -3*d - 2*m - 0*m - 20, -2*d + 8 = -4*m. Let q be -1*6*d/8*1. Suppose 1680 = 9*a - q*a. Calculate the greatest common divisor of a and 35.
35
Let g = -14 - -58. Let x = 655 - 651. Suppose 0 = 5*o - 5*q - 130, 3*o + x*q - 48 = g. What is the highest common divisor of o and 7?
7
Let k(d) = 2*d**2 + 15*d + 13. Let n be k(-7). Let q be -25*(n/(-10) - 22/55). Calculate the highest common factor of q and 10.
5
Let f be 1 + -5*8/(-10). Let q(o) = -6*o + 32. Let l be q(f). Suppose -9*v = -12*v - a + 31, 4*a + 44 = l*v. Calculate the greatest common factor of v and 12.
12
Let g = -37162 - -37281. Calculate the greatest common divisor of 289 and g.
17
Let s(f) be the third derivative of -f**4/12 - 5*f**3/3 - 5*f**2. Let d be s(-1). Let m be 19 + d + 0/2. What is the greatest common factor of 22 and m?
11
Let j be 1*(-249)/(-9)*3. Let g = j - 78. Suppose -60 = 4*m - g*m. What is the greatest common divisor of m and 45?
15
Let d = -773 + 970. Let t = -78 + d. What is the greatest common divisor of t and 7?
7
Let m(l) = 2*l**3 + 2*l**2 - 2*l - 1. Let t be m(2). Let z = -143 + 253. Let k = -72 + z. Calculate the greatest common divisor of k and t.
19
Let q(w) = 3726*w**2 + 79*w + 227. Let i be q(-3). Calculate the greatest common factor of 116 and i.
116
Suppose k = -2*f + 228, 4*f + 473 = 4*k - 451. Let g = 91523 + -91483. What is the greatest common divisor of k and g?
10
Let w = 33 + -5. Suppose 2*k - 5*g - 468 = 0, 0 = -2*k + 49*g - 47*g + 456. Calculate the highest common factor of w and k.
28
Let x(r) = r**3 - 13*r**2 + 2*r + 6. Let i be x(9). Let a = -225 - i. What is the greatest common factor of a and 30?
15
Let s(t) be the first derivative of -t**4/4 + 20*t**3/3 + 12*t**2 - 15*t + 221. Let a be s(21). What is the highest common divisor of a and 132?
12
Let p = 7261 - 7116. Calculate the highest common divisor of 29 and p.
29
Suppose 51*j - 53*j - 8*x = -80, -3*j - 5*x = -99. Calculate the greatest common divisor of j and 602.
14
Suppose 54*m = -2702 + 40340. Calculate the greatest common factor of m and 205.
41
Suppose -30 = -0*j - j. Let l = j - 20. Let g be -30*-9*5/(2 + 43). What is the highest common factor of l and g?
10
Let w be ((-90)/28 - (-78)/(-273))*(-144)/14. What is the highest common factor of 936 and w?
36
Suppose -5*b + b - 5*g = 1635, 3*b + 1203 = 4*g. Let d = b - -413. What is the greatest common divisor of 328 and d?
8
Let z = 1062 - 111. Let f = -927 + z. Suppose -6*q + q = -1200. Calculate the highest common divisor of q and f.
24
Suppose 174*d - 92*d = 99876. Calculate the greatest common divisor of 15 and d.
3
Let t be 15/((-405)/(-72))*(43 - 1). Suppose t*q + 156 = 115*q. What is the highest common divisor of q and 364?
52
Let m be 6/(-5)*260/(-8). Suppose -u + 3*y + 16 = 0, 5*u - 5*y = 2*y + 72. What is the greatest common factor of u and m?
13
Let l be (560/(-105))/(2/(-3)) + 42/3. Calculate the highest common factor of l and 8558.
22
Let x(v) be the second derivative of v**4/12 - 13*v**3/6 + 39*v**2 - 41*v + 2. Let m be x(7). What is the greatest common divisor of m and 234?
18
Let w(x) = -x**3 - 26 + 14*x**2 + 32 + 14*x + 24. Let o be w(15). What is the highest common divisor of o and 105?
15
Suppose -53*r - 4845 = -110*r. What is the greatest common factor of 205 and r?
5
Let f be (-4)/((0 + -1)/4). Let h be ((-54)/7)/((-24)/112)*4. What is the highest common divisor of f and h?
16
Let g be ((-294)/(-105))/((-49)/50 + 1) + -3. What is the greatest common divisor of 3151 and g?
137
Let z = 702 - 658. Calculate the greatest common divisor of z and 8.
4
Let t be (30/8)/((-1)/(-4)). Let a be (4/(-40) - 6/t)*-140. Let i = -12 + 22. What is the greatest common divisor of a and i?
10
Let g(r) = 17*r**2 - 1385*r + 111. Let j be g(88). Calculate the highest common factor of j and 1335.
267
Let y = 32 - 18. Let r = -298 - -368. What is the greatest common factor of y and r?
14
Suppose 0 = -54*z + 50*z - 20. Let f be -5 + -9 - -49 - (0 - z). Let g(q) = q + 1. Let l be g(5). Calculate the greatest common divisor of f and l.
6
Let a = 1147 - 159. Suppose -2*d - 11*d + a = 0. What is the highest common divisor of d and 24?
4
Let x(j) = -j**3 + 56*j**2 - 168*j + 9543. Let f be x(56). Let v be 2/7 - 12/(-7). Suppose v*o - 37 = -7. Calculate the greatest common divisor of o and f.
15
Let y(w) = 42*w - 102. Let n be (-126)/(-84)*(2 - 8/(-6)). Let q be y(n). What is the highest common factor of q and 8?
4
Let m = 3868 - 125. What is the highest common divisor of 133 and m?
19
Let a(m) = -5*m + 1. Let r(c) = 3*c - 1. Let g be r(-1). Let q be a(g). Let d = 2299 + -2278. What is the greatest common factor of d and q?
21
Let k be (-144)/384 + 1414/16. Let l = -97 + 69. Let q be ((-32)/(-6))/(l/(-42)). What is the highest common divisor of q and k?
8
Suppose 0 = h - 5*p - 82, 4*h - 5*p = -9*p + 208. Calculate the greatest common divisor of 1995 and h.
57
Let v(p) = 2*p**3 - 5*p**2 - 16*p - 134. Let c be v(7). What is the greatest common factor of 65 and c?
65
Let d = -118 - -125. Let t(w) = w**2 + 32*w - 9. Let j be t(d). Calculate the highest common divisor of 33 and j.
33
Let m(k) = 16*k + 1090. Let x be m(-63). Calculate the greatest common divisor of x and 4.
2
Suppose -2*b - 136 = -11*b + b. What is the greatest common factor of b and 6239?
17
Let j = 3848 - 3627. What is the highest common divisor of j and 8177?
221
Suppose -4*l = -3*y - 39, l - 13*y + 14*y = 1. Let u be 6 - (-1 - l) - 1/(-1). Calculate the highest common factor of 7 and u.
7
Suppose 229*s + 374*s + 72*s = 1155600. Calculate the greatest common divisor of s and 624.
16
Suppose 8*d - 12*d + 36 = 0. Let c(o) = -81*o - 21. Let g(n) = n - 1. Let a(h) = d*g(h) - c(h). Let y be a(5). What is the greatest common divisor of y and 42?
42
Suppose 41 = 4*j - 67. Suppose -3*y + 43 = 5*s, -6*y + 2*y - j = -s. Let q = s + 25. Calculate the highest common divisor of q and 4.
4
Suppose 0 = -4*f + 3*z + 353 + 238, -700 = -5*f - 4*z. Suppose -2*c + 62 = f. Let d = c - -46. Calculate the highest common factor of 10 and d.
5
Suppose 48*i + 32185 = 3*d + 43*i, 0 = 5*d + 3*i - 53585. What is the greatest common factor of 16 and d?
16
Let i = -630 + 666. Suppose -i*l + 32*l + 160 = 5*f, -3*f + 80 = 2*l. Calculate the greatest common divisor of 176 and l.
8
Let s be -9 + 192/18 - (-1010)/6. Calculate the greatest common factor of 306 and s.
34
Let g be (-185 + 70)/(-3 - -2). Calculate the greatest common factor of 370 and g.
5
Suppose -u - 4*u - 4*c = -10573, -4*u + 8477 = -3*c. What is the greatest common divisor of u and 116?
29
Let p = 3 - 4. Let v(h) = -9*h**3 - h. Let a be v(p). Let t(z) = -2*z**2 - 617*z + 3494. Let x be t(-314). Calculate the highest common factor of a and x.
10
Let c = 3891 + -3855. Calculate the highest common factor of 1044 and c.
36
Suppose -6 - 5 = -5*w + 4*v, -3*w - 4*v + 13 = 0. Suppose -30 = -5*m - 5, 0 = 5*n - w*m - 110. Calculate the greatest common divisor of 5 and n.
5
Let g be -2*(1 + 3) + 2940 + -222. Calculate the highest common divisor of 5 and g.
5
Let q = 238 - 235. Suppose 6*o = 5*o. Let g = 2 + o. Calculate the greatest common divisor of g and q.
1
Let p be (-90)/150 + (-2040)/(-25). What is the highest common factor of 31 and p?
1
Let v be 5*744/(-20)*(-2 + 81/(-2)). Calculate the highest common factor of 31 and v.
31
Let m = -341 - -332. Let r be ((-28)/(-16))/((m/8)/(-9)). Calculate the greatest co